by 18?
15
Suppose 3*x + 94 = -5*h + 6*h, 2*x = -6. Calculate the remainder when h is divided by 33.
19
Let g = 10532 - 9571. Calculate the remainder when g is divided by 161.
156
Let v(f) = -11*f**2 + 2*f + 21. Calculate the remainder when 200 is divided by v(0).
11
Suppose -8*y - 1468 = -2*h - 4*y, 2172 = 3*h + 4*y. What is the remainder when h is divided by 342?
44
Let p be (-2 - 1) + (12 - (2 + -1)). Suppose -p*z - 47 + 463 = 0. Suppose -20 - z = -4*j. What is the remainder when 33 is divided by j?
15
Let x be (-1)/3 + (-13)/((-117)/552). Let n = x + -59. Suppose -2*q = 2*y - 18, -q - 1 + 4 = -n*y. What is the remainder when 25 is divided by q?
4
Let d = -4553 + 7471. What is the remainder when d is divided by 8?
6
Suppose 68 = z - 98. Let y = 499 - z. Calculate the remainder when y is divided by 24.
21
Suppose -16*r + 71671 = 67063. Calculate the remainder when r is divided by 36.
0
What is the remainder when 1053 is divided by 5550/168 + 15/(-420)?
30
Let p = -33519 - -33690. What is the remainder when 389 is divided by p?
47
Let y(u) = u**2 - 17*u - 93. Let c be y(17). What is the remainder when 36*3*(-31)/c is divided by 4?
0
Let q be -2 - ((-1 - -5) + -30). Let c = q - 22. What is the remainder when -8*11/(-2)*(c + 0) is divided by 13?
10
Suppose 2*y + 5*k + 20 = 119, -6 = -2*k. Let b = 46 - y. Suppose -2*p - 49 = -3*i + 11, -4*p + 60 = b*i. Calculate the remainder when i is divided by 7.
4
Let l = 8 - -23. Suppose -2*p - 58*i + 234 = -54*i, 2*i + 222 = 2*p. Calculate the remainder when p is divided by l.
20
What is the remainder when 450 is divided by 466 + (-115)/(30 + -25)?
7
Calculate the remainder when 716 is divided by (357/(-4))/(-27 - 107/(-4)).
2
Let d = -29402 + 29537. Calculate the remainder when 151 is divided by d.
16
Suppose 0 = 2*h - 6*r - 62, -34 = 3*r - 31. Suppose 3*g - 4*g + 241 = 2*n, -3*g + 3*n + 759 = 0. What is the remainder when g is divided by h?
25
Let a(r) be the second derivative of r**4/4 + r**3/3 - r**2/2 + 2*r. Let y = 2091 + -2036. What is the remainder when y is divided by a(-3)?
15
Let m(n) = -25*n**2 + 3*n + 8. Let w be m(-3). Let i = w + 91. What is the remainder when (-4)/(-30) - 5112/i is divided by 8?
6
Suppose -476*b + 207*b + 242*b = -1755. Calculate the remainder when b is divided by 32 - (-2 + 1/1).
32
Let k = -995 - -1180. Calculate the remainder when 921 is divided by k.
181
Suppose -4*p + 112 = -2*u, -2*u + 3*p + 56 = 164. What is the remainder when 164/1 - 0*6/u is divided by 11?
10
Let y(b) = -4*b**2 - 7*b + 1. Let p(u) = -5*u**2 - 8*u + 1. Let a(o) = -5*p(o) + 6*y(o). What is the remainder when (4/6)/((-2)/(-183)) is divided by a(5)?
13
Let t(y) = 5*y**2 - 52*y + 10. Let d(v) = 2*v**2 - 24*v + 4. Let q(j) = -7*d(j) + 3*t(j). What is the remainder when 434 is divided by q(6)?
104
Let c = 52 - -122. Suppose 3*r - 2*v - c = -v, -v + 121 = 2*r. Let m(f) = 43*f - 183. Calculate the remainder when r is divided by m(5).
27
Suppose 0 = -4*b - 3*y + 67, 5*y = 6*y - 5. Let l(o) = 10*o + 68. What is the remainder when l(b) is divided by 68?
62
What is the remainder when 52/(-702) - (-78850)/135 is divided by 144?
8
Let w = 37 + -20. Calculate the remainder when 5/(-11) - (-382336)/1133 is divided by w.
14
Let s = 3973 - 3640. What is the remainder when s is divided by 48?
45
Suppose 2*p + 273 = 5*j + 692, 0 = 2*j + 3*p + 160. Let b = j - -86. What is the remainder when 6 + 11/(-2) - (-74)/4 is divided by b?
1
Suppose 12 = 4*w - 4*l, 10 = 6*w - 4*w + 2*l. Let y = -20 - -108. Suppose 24*h - 20*h - y = 0. Calculate the remainder when h is divided by w.
2
Let r(d) be the first derivative of 5*d**3/3 - 36*d**2 + 3*d + 10. Calculate the remainder when r(18) is divided by 83.
78
Let o be (-2)/(-1) - 698/(-2). Let n = o + -192. Suppose -2149*w + 2249*w - 4100 = 0. Calculate the remainder when n is divided by w.
36
Let v be 1*7/(-4)*-236. Let k = 1992 - 2275. Let s = v + k. What is the remainder when s is divided by 22?
20
Suppose -12*m = -308*m + 692640. Calculate the remainder when m is divided by 40.
20
Let f = 6363 + -6188. What is the remainder when 499 is divided by f?
149
Let x(l) = 2*l - 7. Suppose -2*g - 2*k = 2*k - 72, 0 = -2*g + 2*k + 78. Calculate the remainder when g is divided by x(13).
0
Suppose -8*c + 234 + 410 = 20*c. Calculate the remainder when 68 is divided by c.
22
Let a = -29334 + 49070. What is the remainder when a is divided by 105?
101
Calculate the remainder when 3348 is divided by 176/48 - 3 - (-7509)/9.
8
What is the remainder when 407 is divided by (-608)/(-34) + (256/(-136) - -2)?
11
Let f be (-868)/(-84) + 2/(-6). Suppose 42*d = 40*d + f. What is the remainder when 11 is divided by d?
1
Let r(t) = 34 - 9*t**2 - 23*t - 6 + t**3 + 2 + 25. Suppose 48 = 5*n - 3*n. What is the remainder when r(11) is divided by n?
20
Suppose 5*l + 240 = 5*f, 72 = 2*f - 495*l + 497*l. What is the remainder when 276 is divided by f?
24
What is the remainder when ((-1014)/102 - 6/102)*1104/(-10) is divided by 220?
4
Suppose -2*s - 600 = -29*o + 28*o, -s + 5*o - 309 = 0. Let x = -272 - s. Calculate the remainder when 188 is divided by x.
26
Let w(n) = n**3 - 7*n**2 + 6*n + 14. Let y be w(6). Let u = 59 + y. What is the remainder when u is divided by 41?
32
Let u(f) = -f**2 + 52*f - 358. What is the remainder when 1037 is divided by u(20)?
191
Let n = 9647 - 9586. What is the remainder when 730 is divided by n?
59
Suppose 0 = -3*w - 5*n + 89, 0*n = -3*w - n + 73. Let s = w + 251. Suppose s - 66 = 2*c. What is the remainder when c is divided by 53?
51
Let c = 19080 - 7155. Calculate the remainder when c is divided by 134.
133
Let m(p) = 2*p + 27. Let z(h) = h**2 + 22*h - 10. Let y be z(-22). Calculate the remainder when 19 is divided by m(y).
5
Let g = 322 + -318. Suppose -128 = -g*n + 4*j - 2*j, -64 = -2*n + 2*j. What is the remainder when 319 is divided by n?
31
Let n = 929 + -354. What is the remainder when n is divided by 189?
8
Let d(q) = 11*q**3 - 111*q**2 + 42*q - 21. Calculate the remainder when 610 is divided by d(10).
12
What is the remainder when (-3 - (-913)/77)/(6/294) is divided by 244?
190
Suppose -242*h = -243*h + 538. Suppose -21*m + 785 + h = 0. What is the remainder when 311 is divided by m?
59
Let f = 245 - 217. Let s = -18 - -35. What is the remainder when (96/7)/(f/98) is divided by s?
14
Let i = -1172 + 1312. Calculate the remainder when 824 is divided by i.
124
Let x = 1972 - 1934. What is the remainder when (-1)/5 + (-10179)/(-45) is divided by x?
36
Let u(v) = -v**2 - 8*v - 7. Let c be u(-7). Suppose 3*q + c*q = 87. What is the remainder when (-940)/(-110) - 8 - (-37500)/220 is divided by q?
26
Suppose -39*u = -35*u - 2*t + 1336, -5*u - 1688 = 2*t. Let y = 631 + u. What is the remainder when y is divided by 13?
9
Suppose -3*v - 1160 = -n, -3*v - 612 = -3*n + 2886. What is the remainder when n is divided by 194?
5
Calculate the remainder when 300 is divided by 231/4851 - (-1616)/21.
69
Suppose -63 = -5*h - 4*n + 74, -3*h = 5*n - 77. What is the remainder when ((-12)/(-24))/(2/344) is divided by h?
28
Calculate the remainder when 147 - (96/8 - (0 - -5)) is divided by 1.
0
What is the remainder when 81/((-1053)/(-144118))*1/(-4)*-2 is divided by 11?
10
Let t(b) = 7*b - 15. Calculate the remainder when 2217 is divided by t(5).
17
Suppose -5*i + 183 = 2*m, 5*m - 2*m + 5*i = 282. Let x = 106 - m. What is the remainder when x is divided by 4?
3
Suppose 0 = -2*j + s - 27, 4*j + 3*s = -61 + 12. Let l(m) = m**3 + 12*m**2 - 18*m + 18. Calculate the remainder when l(j) is divided by 4.
3
Let o = 734 - 688. Suppose 5*l + 3*t - 115 = 207, 4*t = l - o. Calculate the remainder when 242 is divided by l.
56
Suppose -3*w + 4*w + 1 = -d, 5*d = w - 11. Suppose j + 45 = 4*j. What is the remainder when d + (27 - (3 - 6)) is divided by j?
13
Let h = -368 - -371. Let l(a) = 11*a - 8. Calculate the remainder when 145 is divided by l(h).
20
Suppose 23 = -3*a + 74. Let v be 5 - (6 - 25 - -6). Calculate the remainder when a is divided by (-5 - v/(-12))*(-36)/14.
8
Let c(k) = -3*k - 3. Let s = -9 + -5. What is the remainder when c(s) is divided by 12?
3
Suppose -3*g + 13*j + 318 = 16*j, 4*j = -7*g + 745. Calculate the remainder when 227 is divided by g.
13
Let c = -88 + 161. Suppose 135378*v = 135369*v 